{"id":312,"date":"2024-04-03T11:34:01","date_gmt":"2024-04-03T09:34:01","guid":{"rendered":"https:\/\/resologistique.fr\/?page_id=312"},"modified":"2024-04-03T11:42:04","modified_gmt":"2024-04-03T09:42:04","slug":"cookies","status":"publish","type":"page","link":"https:\/\/resologistique.fr\/index.php\/cookies\/","title":{"rendered":"Cookies"},"content":{"rendered":"\n<h2 class=\"wp-block-heading\"><strong>A propos des cookies&nbsp;sur notre site<\/strong><\/h2>\n\n\n\n<p>Nous utilisons diff\u00e9rents cookies sur le site, pour&nbsp;:<\/p>\n\n\n\n<ul class=\"wp-block-list\">\n<li>Permettre le fonctionnement du site, et<\/li>\n\n\n\n<li>Int\u00e9grer des services am\u00e9liorant sa convivialit\u00e9.<\/li>\n<\/ul>\n\n\n\n<p>Certains de ces cookies sont soumis \u00e0 consentement pr\u00e9alable de votre part, d\u2019autres non. Vous trouverez plus de d\u00e9tails ci-dessous.<\/p>\n\n\n\n<h2 class=\"wp-block-heading\"><strong>Qu\u2019est-ce qu\u2019un \u201ccookie\u201d ?<\/strong><\/h2>\n\n\n\n<p>Un \u201c<em>cookie<\/em>\u201d est une suite d\u2019informations, g\u00e9n\u00e9ralement de petite taille et identifi\u00e9 par un nom, qui peut \u00eatre transmis \u00e0 votre navigateur par un site web sur lequel vous vous connectez. Votre navigateur web le conservera pendant sa dur\u00e9e de validit\u00e9 ou d\u2019enregistrement, et le renverra au serveur web chaque fois que vous vous y reconnecterez. Les cookies nous permettent de collecter des informations relatives \u00e0 votre navigation et de vous adresser des services adapt\u00e9s \u00e0 votre terminal (ordinateur, mobile ou tablette)\u00a0\u00bb. Nous n\u2019utilisons pas de cookies nous permettant de vous identifier personnellement.<\/p>\n\n\n\n<p><\/p>\n\n\n\n<h2 class=\"wp-block-heading\"><strong>Cookies techniques<\/strong><\/h2>\n\n\n\n<p>Nous vous&nbsp;<strong><u>informons<\/u><\/strong>&nbsp;de l\u2019utilisation de cookies techniques permettant aux services principaux du site de fonctionner de mani\u00e8re optimale.<\/p>\n\n\n\n<p>En fonction du param\u00e9trage de votre navigateur, vous pouvez bloquer ces cookies. Cependant, ce blocage est susceptible de conduire \u00e0 une exp\u00e9rience d\u00e9grad\u00e9e sur notre site.<\/p>\n\n\n\n<h2 class=\"wp-block-heading\"><strong>Cookies de mesure d\u2019audience<\/strong><\/h2>\n\n\n\n<p>Il n&rsquo;y a pas de cookies de mesure d&rsquo;audience qui soit utilis\u00e9.<\/p>\n\n\n\n<p><\/p>\n\n\n\n<h2 class=\"wp-block-heading\"><strong>Plus d\u2019information sur les cookies<\/strong><\/h2>\n\n\n\n<p><a href=\"https:\/\/www.cnil.fr\/fr\/cookies-les-outils-pour-les-maitriser\" target=\"_blank\" rel=\"noreferrer noopener\">CNIL \u2013 Cookies : les outils pour les ma\u00eetriser<\/a><\/p>\n","protected":false},"excerpt":{"rendered":"<p>A propos des cookies&nbsp;sur notre site Nous utilisons diff\u00e9rents cookies sur le site, pour&nbsp;: Certains de ces cookies sont soumis \u00e0 consentement pr\u00e9alable de votre part, d\u2019autres non. Vous trouverez plus de d\u00e9tails ci-dessous. Qu\u2019est-ce qu\u2019un \u201ccookie\u201d ? Un \u201ccookie\u201d <a class=\"more-link\" href=\"https:\/\/resologistique.fr\/index.php\/cookies\/\">Continuer la lecture <span class=\"screen-reader-text\">  Cookies<\/span><span class=\"meta-nav\">&rarr;<\/span><\/a><\/p>\n","protected":false},"author":1,"featured_media":0,"parent":0,"menu_order":0,"comment_status":"closed","ping_status":"closed","template":"","meta":{"footnotes":""},"class_list":["post-312","page","type-page","status-publish","hentry"],"_links":{"self":[{"href":"https:\/\/resologistique.fr\/index.php\/wp-json\/wp\/v2\/pages\/312","targetHints":{"allow":["GET"]}}],"collection":[{"href":"https:\/\/resologistique.fr\/index.php\/wp-json\/wp\/v2\/pages"}],"about":[{"href":"https:\/\/resologistique.fr\/index.php\/wp-json\/wp\/v2\/types\/page"}],"author":[{"embeddable":true,"href":"https:\/\/resologistique.fr\/index.php\/wp-json\/wp\/v2\/users\/1"}],"replies":[{"embeddable":true,"href":"https:\/\/resologistique.fr\/index.php\/wp-json\/wp\/v2\/comments?post=312"}],"version-history":[{"count":3,"href":"https:\/\/resologistique.fr\/index.php\/wp-json\/wp\/v2\/pages\/312\/revisions"}],"predecessor-version":[{"id":317,"href":"https:\/\/resologistique.fr\/index.php\/wp-json\/wp\/v2\/pages\/312\/revisions\/317"}],"wp:attachment":[{"href":"https:\/\/resologistique.fr\/index.php\/wp-json\/wp\/v2\/media?parent=312"}],"curies":[{"name":"wp","href":"https:\/\/api.w.org\/{rel}","templated":true}]}}