{"id":79,"date":"2018-01-09T19:30:37","date_gmt":"2018-01-09T18:30:37","guid":{"rendered":"http:\/\/test.e-reso.fr\/?page_id=79"},"modified":"2024-01-03T11:47:20","modified_gmt":"2024-01-03T10:47:20","slug":"location","status":"publish","type":"page","link":"https:\/\/resologistique.fr\/index.php\/location\/","title":{"rendered":"Location de mat\u00e9riels"},"content":{"rendered":"<h5>d\u2019appareils et d\u2019outillages pour les m\u00e9tiers \u00e9lectrique et thermique.<\/h5>\n<p><b>Comment effectuer une demande de location ?<\/b><br \/>\nToute demande de location doit \u00eatre faite par la boutique en ligne. Une fois connect\u00e9 \u00e0 votre espace client, vous g\u00e9n\u00e9rez votre commande en ajoutant vos produits au panier, puis en le validant.<\/p>\n<p><b>Comment effectuer une demande de rentr\u00e9e de mat\u00e9riel ?<\/b><br \/>\nLes demandes de retours de location ou les demandes de prestation sp\u00e9cifique (transport, transfert, \u2026) sont r\u00e9alis\u00e9es au moyen du <a href=\"https:\/\/resologistique.fr\/index.php\/programmer-un-retour\/\">formulaire en ligne<\/a>.<\/p>\n<p>Les mentions pr\u00e9cisant les coordonn\u00e9es du demandeur, le d\u00e9lai souhait\u00e9, le num\u00e9ro d\u2019affaire, l\u2019adresse de livraison, \u2026 sont indispensables au traitement de toute demande.<\/p>\n<p><img loading=\"lazy\" decoding=\"async\" class=\"wp-image-121 size-full aligncenter\" src=\"https:\/\/resologistique.fr\/wp-content\/uploads\/2018\/01\/entrepot-1.png\" alt=\"\" width=\"274\" height=\"200\" \/> <img loading=\"lazy\" decoding=\"async\" class=\"wp-image-122 size-full aligncenter\" src=\"https:\/\/resologistique.fr\/wp-content\/uploads\/2018\/01\/entrepot-2.png\" alt=\"\" width=\"274\" height=\"200\" \/> <img loading=\"lazy\" decoding=\"async\" class=\"wp-image-123 size-full aligncenter\" src=\"https:\/\/resologistique.fr\/wp-content\/uploads\/2018\/01\/entrepot-3.png\" alt=\"\" width=\"274\" height=\"200\" \/><\/p>\n","protected":false},"excerpt":{"rendered":"<p>d\u2019appareils et d\u2019outillages pour les m\u00e9tiers \u00e9lectrique et thermique. Comment effectuer une demande de location ? Toute demande de location doit \u00eatre faite par la boutique en ligne. Une fois connect\u00e9 \u00e0 votre espace client, vous g\u00e9n\u00e9rez votre commande en <a class=\"more-link\" href=\"https:\/\/resologistique.fr\/index.php\/location\/\">Continuer la lecture <span class=\"screen-reader-text\">  Location de mat\u00e9riels<\/span><span class=\"meta-nav\">&rarr;<\/span><\/a><\/p>\n","protected":false},"author":1,"featured_media":0,"parent":0,"menu_order":0,"comment_status":"closed","ping_status":"closed","template":"","meta":{"footnotes":""},"class_list":["post-79","page","type-page","status-publish","hentry"],"_links":{"self":[{"href":"https:\/\/resologistique.fr\/index.php\/wp-json\/wp\/v2\/pages\/79","targetHints":{"allow":["GET"]}}],"collection":[{"href":"https:\/\/resologistique.fr\/index.php\/wp-json\/wp\/v2\/pages"}],"about":[{"href":"https:\/\/resologistique.fr\/index.php\/wp-json\/wp\/v2\/types\/page"}],"author":[{"embeddable":true,"href":"https:\/\/resologistique.fr\/index.php\/wp-json\/wp\/v2\/users\/1"}],"replies":[{"embeddable":true,"href":"https:\/\/resologistique.fr\/index.php\/wp-json\/wp\/v2\/comments?post=79"}],"version-history":[{"count":20,"href":"https:\/\/resologistique.fr\/index.php\/wp-json\/wp\/v2\/pages\/79\/revisions"}],"predecessor-version":[{"id":295,"href":"https:\/\/resologistique.fr\/index.php\/wp-json\/wp\/v2\/pages\/79\/revisions\/295"}],"wp:attachment":[{"href":"https:\/\/resologistique.fr\/index.php\/wp-json\/wp\/v2\/media?parent=79"}],"curies":[{"name":"wp","href":"https:\/\/api.w.org\/{rel}","templated":true}]}}