{"id":8,"date":"2018-01-04T19:13:04","date_gmt":"2018-01-04T18:13:04","guid":{"rendered":"http:\/\/test.e-reso.fr\/?page_id=8"},"modified":"2024-01-03T11:39:48","modified_gmt":"2024-01-03T10:39:48","slug":"a-propos-de","status":"publish","type":"page","link":"https:\/\/resologistique.fr\/index.php\/a-propos-de\/","title":{"rendered":"La soci\u00e9t\u00e9 RESO LOGISTIQUE"},"content":{"rendered":"<h6 style=\"padding-left: 30px;\"><strong>Filiale du p\u00f4le VINCI ENERGIES France Tertiaire IDF, l&rsquo;entreprise est implant\u00e9e dans des locaux comprenant bureaux (400 m2) et entrep\u00f4ts <\/strong><strong style=\"color: revert; font-size: 16px;\">(1 500 m2) \u00e0 VILLENEUVE LA GARENNE (92).<\/strong><\/h6>\n<h6 style=\"padding-left: 30px;\"><strong>Cette structure offre aux entreprises de Vinci Energies les services suivants:<\/strong><\/h6>\n<ul>\n<li>Location de mat\u00e9riels, d\u2019appareils et d\u2019outillages pour les m\u00e9tiers \u00e9lectriques et thermiques, avec extension de ce service en location directe aux sous-traitants selon des conditions sp\u00e9cifiques.<\/li>\n<li>Collecte des d\u00e9chets de chantier,<\/li>\n<li>Salle \u00e9quip\u00e9e de 45 m2 et surface disponible au sein de l\u2019entrep\u00f4t pour les formations et r\u00e9unions,<\/li>\n<\/ul>\n<p>Le catalogue RESO LOGISTIQUE, via la boutique en ligne et le e-catalogue interactif, propose une biblioth\u00e8que de prix de l&rsquo;ensemble des locations. Il int\u00e8gre photos, liens URL et fiches techniques, et permet l&rsquo;\u00e9tablissement d&rsquo;une demande de prestation.<\/p>\n","protected":false},"excerpt":{"rendered":"<p>Filiale du p\u00f4le VINCI ENERGIES France Tertiaire IDF, l&rsquo;entreprise est implant\u00e9e dans des locaux comprenant bureaux (400 m2) et entrep\u00f4ts (1 500 m2) \u00e0 VILLENEUVE LA GARENNE (92). Cette structure offre aux entreprises de Vinci Energies les services suivants: Location <a class=\"more-link\" href=\"https:\/\/resologistique.fr\/index.php\/a-propos-de\/\">Continuer la lecture <span class=\"screen-reader-text\">  La soci\u00e9t\u00e9 RESO LOGISTIQUE<\/span><span class=\"meta-nav\">&rarr;<\/span><\/a><\/p>\n","protected":false},"author":1,"featured_media":5,"parent":0,"menu_order":0,"comment_status":"closed","ping_status":"closed","template":"","meta":{"footnotes":""},"class_list":["post-8","page","type-page","status-publish","has-post-thumbnail","hentry"],"_links":{"self":[{"href":"https:\/\/resologistique.fr\/index.php\/wp-json\/wp\/v2\/pages\/8","targetHints":{"allow":["GET"]}}],"collection":[{"href":"https:\/\/resologistique.fr\/index.php\/wp-json\/wp\/v2\/pages"}],"about":[{"href":"https:\/\/resologistique.fr\/index.php\/wp-json\/wp\/v2\/types\/page"}],"author":[{"embeddable":true,"href":"https:\/\/resologistique.fr\/index.php\/wp-json\/wp\/v2\/users\/1"}],"replies":[{"embeddable":true,"href":"https:\/\/resologistique.fr\/index.php\/wp-json\/wp\/v2\/comments?post=8"}],"version-history":[{"count":12,"href":"https:\/\/resologistique.fr\/index.php\/wp-json\/wp\/v2\/pages\/8\/revisions"}],"predecessor-version":[{"id":290,"href":"https:\/\/resologistique.fr\/index.php\/wp-json\/wp\/v2\/pages\/8\/revisions\/290"}],"wp:featuredmedia":[{"embeddable":true,"href":"https:\/\/resologistique.fr\/index.php\/wp-json\/wp\/v2\/media\/5"}],"wp:attachment":[{"href":"https:\/\/resologistique.fr\/index.php\/wp-json\/wp\/v2\/media?parent=8"}],"curies":[{"name":"wp","href":"https:\/\/api.w.org\/{rel}","templated":true}]}}